90?
True
Does 597 divide 95025684?
True
Is 107838955 a multiple of 173?
False
Is 302211375 a multiple of 185?
True
Is 69306051 a multiple of 227?
True
Does 1675 divide 5595563625?
True
Does 9 divide 39375000?
True
Is 40 a factor of 118776002?
False
Does 3370 divide 1813843349?
False
Is 1088 a factor of 56774016?
True
Is 1270 a factor of 10493098?
False
Does 1195 divide 335129385?
True
Is 299877298 a multiple of 7?
True
Is 28215551 a multiple of 7?
True
Does 1465 divide 36622070?
True
Does 490 divide 735861420?
True
Does 12 divide 1281433463?
False
Does 77 divide 1385627628?
True
Is 3 a factor of 4624718?
False
Does 57 divide 158704644?
True
Does 403 divide 775709714?
True
Does 635 divide 1021003800?
True
Does 5 divide 6739322?
False
Does 50 divide 10057650?
True
Is 250 a factor of 23084291?
False
Is 44285468 a multiple of 13?
False
Does 742 divide 259604175?
False
Does 143 divide 53513174?
True
Is 323786814 a multiple of 78?
True
Is 9 a factor of 4012320267?
True
Is 501 a factor of 5894866?
False
Is 40341540 a multiple of 460?
True
Is 1529 a factor of 220938802?
False
Is 51805425 a multiple of 525?
True
Is 3081070 a multiple of 5?
True
Does 32 divide 12442227?
False
Does 23 divide 14828576?
False
Is 128 a factor of 725388036?
False
Is 7 a factor of 299817660?
False
Is 6 a factor of 708498558?
True
Is 44 a factor of 73615541?
False
Is 2356589550 a multiple of 16?
False
Is 254535873 a multiple of 2391?
False
Is 22889433 a multiple of 399?
True
Does 120 divide 4898543880?
True
Is 2233 a factor of 346246518?
False
Is 10 a factor of 19567487?
False
Does 1930 divide 127794950?
True
Is 2367022586 a multiple of 5146?
False
Is 38071800 a multiple of 18?
True
Is 530862262 a multiple of 14?
True
Is 2 a factor of 252417186?
True
Is 113193126 a multiple of 54?
True
Does 53 divide 2045488307?
True
Is 17 a factor of 1065511448?
True
Is 16 a factor of 52219192?
False
Is 2683999197 a multiple of 11?
True
Is 822474141 a multiple of 249?
True
Is 8611701 a multiple of 1071?
False
Is 7254 a factor of 1342040778?
True
Is 8 a factor of 68010368?
True
Does 304 divide 5676153?
False
Is 269 a factor of 11476347?
True
Is 3 a factor of 1321143?
True
Is 104 a factor of 6733272?
True
Is 7 a factor of 15757385?
True
Does 350 divide 259085050?
True
Does 12 divide 288596988?
True
Is 2484 a factor of 77446152?
True
Is 1136 a factor of 609643665?
False
Does 42 divide 17839064?
False
Does 906 divide 116979096?
True
Is 7042347 a multiple of 75?
False
Is 1152324597 a multiple of 4148?
False
Does 1433 divide 21032319?
False
Is 62851086 a multiple of 9?
True
Does 77 divide 364577521?
True
Is 9023 a factor of 1259879557?
False
Is 2346126688 a multiple of 60?
False
Is 295 a factor of 2755950180?
True
Is 4460293562 a multiple of 6?
False
Is 722 a factor of 30138135?
False
Is 475841682 a multiple of 74?
True
Does 707 divide 418403307?
True
Is 40487668 a multiple of 596?
False
Is 10 a factor of 19647950?
True
Is 1422 a factor of 2755548756?
True
Does 17 divide 16966663?
True
Does 18 divide 236153096?
False
Is 37 a factor of 12152028?
False
Is 43 a factor of 193745461?
False
Is 152569936 a multiple of 105?
False
Is 289317600 a multiple of 180?
True
Is 31 a factor of 144587503?
True
Is 19 a factor of 15493648?
False
Is 156 a factor of 156951444?
True
Is 2033191634 a multiple of 461?
True
Is 5 a factor of 22930138?
False
Does 139 divide 13606432?
True
Does 5787 divide 1597634451?
True
Is 151 a factor of 3163647961?
True
Does 575 divide 392279959?
False
Is 1531684011 a multiple of 759?
True
Is 92 a factor of 248624940?
True
Does 2555 divide 409874739?
False
Is 25326044 a multiple of 166?
False
Is 3 a factor of 85816854?
True
Does 2818 divide 1838770991?
False
Is 2534 a factor of 334127?
False
Does 8 divide 20586148?
False
Is 4612 a factor of 1187031948?
True
Is 23 a factor of 6307796?
True
Does 16 divide 5639569540?
False
Is 445613792 a multiple of 272?
True
Is 2570 a factor of 14878706?
False
Is 662 a factor of 480252761?
False
Is 614173 a multiple of 6?
False
Is 35 a factor of 40410036?
False
Is 305 a factor of 61238510?
True
Is 51934296 a multiple of 2?
True
Does 16 divide 37676160?
True
Is 91 a factor of 428154150?
False
Is 210499377 a multiple of 2?
False
Does 518 divide 1062947396?
True
Is 4182 a factor of 819257982?
True
Is 4 a factor of 20816141?
False
Is 3156493320 a multiple of 23?
True
Is 5 a factor of 157880783?
False
Is 125829769 a multiple of 1430?
False
Is 41939527 a multiple of 5?
False
Does 702 divide 102888071?
False
Is 6315534 a multiple of 515?
False
Does 25 divide 143918975?
True
Is 404688398 a multiple of 15?
False
Does 17 divide 747865037?
True
Is 29 a factor of 16682283?
False
Is 75 a factor of 249037650?
True
Is 1068 a factor of 5356568385?
False
Is 21 a factor of 44369565?
False
Is 25 a factor of 6966729?
False
Is 3 a factor of 11895959?
False
Is 1342 a factor of 115079184?
True
Is 11 a factor of 348116726?
False
Is 159436842 a multiple of 365?
False
Does 81 divide 53543030?
False
Is 289346493 a multiple of 33?
False
Is 41069900 a multiple of 590?
True
Is 1386 a factor of 949550953?
False
Is 8 a factor of 396864992?
True
Does 313 divide 1576367417?
False
Is 157 a factor of 632793490?
False
Does 14 divide 1181542513?
False
Is 1194685127 a multiple of 17?
False
Does 9 divide 979344630?
True
Is 4467732 a multiple of 99?
False
Does 52 divide 37912888?
True
Is 19020232 a multiple of 4082?
False
Does 21 divide 396959619?
True
Does 18 divide 301284853?
False
Is 25073613 a multiple of 683?
True
Is 396 a factor of 333111661?
False
Does 57 divide 28462053?
False
Does 613 divide 135891006?
False
Is 60 a factor of 2026663620?
True
Is 4139968 a multiple of 3?
False
Does 17 divide 28764612?
True
Does 4576 divide 157922336?
True
Is 827019272 a multiple of 4808?
True
Is 1442487729 a multiple of 185?
False
Does 750 divide 196434750?
True
Does 7 divide 264619895?
False
Does 49 divide 592100768?
False
Does 13 divide 227202756?
False
Is 25704000 a multiple of 280?
True
Does 949 divide 527557641?
True
Is 271692510 a multiple of 411?
False
Is 106729312 a multiple of 436?
True
Is 1802 a factor of 2605565860?
True
Is 31 a factor of 104314922?
False
Is 541 a factor of 98811486?
True
Is 199901648 a multiple of 23?
True
Is 1478 a factor of 169965566?
True
Is 365708414 a multiple of 54?
False
Does 11 divide 56601765?
True
Does 4189 divide 329896317?
True
Does 1051 divide 546900462?
True
Is 21751992 a multiple of 482?
False
Is 43 a factor of 527597315?
True
Does 49 divide 92148224?
True
Is 1540711868 a multiple of 87?
False
Does 117 divide 9545211?
True
Is 753852309 a multiple of 49?
True
Does 790 divide 1109373109?
False
Is 1703875772 a multiple of 133?
False
Is 95539291 a multiple of 570?
False
Does 144 divide 14876064?
True
Is 9350246 a multiple of 129?
False
Is 28193616 a multiple of 36?
True
Is 63 a factor of 1509696?
False
Does 59 divide 4566131179?
False
Does 30 divide 136794681?
False
Does 242 divide 35208338?
True
Is 22 a factor of 471391140?
True
Is 1106 a factor of 67196710?
False
Does 87 divide 27699843?
True
Does 26 divide 1069822?
True
Does 30 divide 17008905?
False
Is 67349356 a multiple of 52?
False
Is 2 a factor of 17038563?
False
Is 10 a factor of 567537786?
False
Is 244488681 a multiple of 6299?
False
Is 705251620 a multiple of 13?
False
Is 4643275 a multiple of 169?
True
Does 7394 divide 426486562?
False
Does 8 divide 581082?
False
Is 279 a factor of 1539215109?
False
Is 1867548598 a multiple of 157?
True
Is 150074498 a multiple of 276?
False
Does 9419 divide 1071189079?
False
Is 7 a factor of 317985864?
True
Does 672 divide 732698386?
False
Is 10 a factor of 266945950?
True
Does 2687 divide 39955690?
True
Is 140 a factor of 37826500?
False
Does 2 divide 1911794?
True
Does 30 divide 40848000?
True
Does 3296 divide 3765713139?
False
Is 172507743 a multiple of 9?
True
Is 185422339 a multiple of 557?
False
Is 43 a factor of 70081701?
True
Does 144 divide 139076899?
False
Does 1067 divide 619906799?
False
Is 85 a factor of 1074060510?
True
Does 340 divide 10231280?
True
Is 6128 a factor of 1626745008?
True
Is 671 a factor of 111620367?
False
Does 1550 divide 76545200?
True
Is 40 a factor of 42112355?
False
Does 7 divide 1753304?
True
Is 207 a factor of 1510497009?
True
Is 6